ds digit of 228041?
8
What is the tens digit of 2981085?
8
What is the units digit of 162139?
9
What is the millions digit of 2819189?
2
What is the ten thousands digit of 20227?
2
What is the thousands digit of 1526254?
6
What is the hundred thousands digit of 21236941?
2
What is the ten thousands digit of 1151566?
5
What is the thousands digit of 2186070?
6
What is the ten thousands digit of 12477609?
7
What is the tens digit of 82304?
0
What is the thousands digit of 1845247?
5
What is the thousands digit of 6014726?
4
What is the ten thousands digit of 269878?
6
What is the hundreds digit of 188004?
0
What is the ten thousands digit of 17004193?
0
What is the ten thousands digit of 16567195?
6
What is the tens digit of 4519797?
9
What is the units digit of 138102?
2
What is the millions digit of 4646868?
4
What is the units digit of 120578?
8
What is the tens digit of 145312?
1
What is the units digit of 64550?
0
What is the hundred thousands digit of 157432?
1
What is the ten thousands digit of 5555924?
5
What is the millions digit of 8316029?
8
What is the units digit of 2228239?
9
What is the tens digit of 12561594?
9
What is the thousands digit of 418001?
8
What is the units digit of 94202?
2
What is the ten thousands digit of 7604450?
0
What is the hundred thousands digit of 306190?
3
What is the hundred thousands digit of 7570745?
5
What is the hundreds digit of 1165223?
2
What is the tens digit of 1393313?
1
What is the units digit of 3472187?
7
What is the units digit of 270554?
4
What is the thousands digit of 5624460?
4
What is the tens digit of 492044?
4
What is the tens digit of 3669717?
1
What is the hundred thousands digit of 1874771?
8
What is the hundreds digit of 412694?
6
What is the tens digit of 5337573?
7
What is the thousands digit of 198969?
8
What is the thousands digit of 636024?
6
What is the hundred thousands digit of 261325?
2
What is the thousands digit of 23598936?
8
What is the tens digit of 741019?
1
What is the ten thousands digit of 14817641?
1
What is the thousands digit of 192343?
2
What is the units digit of 188330?
0
What is the thousands digit of 53064?
3
What is the tens digit of 37655?
5
What is the millions digit of 1525453?
1
What is the tens digit of 3557562?
6
What is the hundreds digit of 61279?
2
What is the thousands digit of 3356853?
6
What is the thousands digit of 115646?
5
What is the tens digit of 12346894?
9
What is the thousands digit of 7302519?
2
What is the hundred thousands digit of 1127064?
1
What is the ten thousands digit of 9733750?
3
What is the thousands digit of 38633?
8
What is the thousands digit of 5423844?
3
What is the thousands digit of 1572033?
2
What is the ten thousands digit of 299130?
9
What is the thousands digit of 121629?
1
What is the ten thousands digit of 1470103?
7
What is the hundreds digit of 8037717?
7
What is the ten thousands digit of 848788?
4
What is the tens digit of 7590142?
4
What is the tens digit of 90581?
8
What is the hundreds digit of 4455454?
4
What is the ten thousands digit of 15040853?
4
What is the tens digit of 47082?
8
What is the thousands digit of 2699660?
9
What is the tens digit of 2387486?
8
What is the thousands digit of 169622?
9
What is the hundred thousands digit of 13569464?
5
What is the millions digit of 1539362?
1
What is the ten thousands digit of 2690113?
9
What is the tens digit of 1260225?
2
What is the millions digit of 3042937?
3
What is the ten thousands digit of 2220186?
2
What is the thousands digit of 170401?
0
What is the hundred thousands digit of 17120710?
1
What is the ten thousands digit of 387873?
8
What is the tens digit of 95758?
5
What is the hundreds digit of 144860?
8
What is the ten thousands digit of 634229?
3
What is the ten thousands digit of 3156753?
5
What is the units digit of 813907?
7
What is the hundred thousands digit of 771439?
7
What is the ten thousands digit of 36610?
3
What is the thousands digit of 604946?
4
What is the tens digit of 1569540?
4
What is the ten thousands digit of 283299?
8
What is the hundreds digit of 26095091?
0
What is the thousands digit of 1036892?
6
What is the hundreds digit of 2652159?
1
What is the units digit of 190618?
8
What is the tens digit of 1082428?
2
What is the hundred thousands digit of 587641?
5
What is the millions digit of 7507874?
7
What is the hundred thousands digit of 18070106?
0
What is the hundreds digit of 6737006?
0
What is the hundreds digit of 864536?
5
What is the thousands digit of 16297?
6
What is the ten thousands digit of 2449264?
4
What is the thousands digit of 5338106?
8
What is the hundreds digit of 15753?
7
What is the tens digit of 249854?
5
What is the ten thousands digit of 1166260?
6
What is the hundreds digit of 282970?
9
What is the tens digit of 3645477?
7
What is the thousands digit of 1971749?
1
What is the ten thousands digit of 614557?
1
What is the units digit of 4843560?
0
What is the ten thousands digit of 6641416?
4
What is the thousands digit of 7407124?
7
What is the hundred thousands digit of 1768051?
7
What is the hundred thousands digit of 194178?
1
What is the thousands digit of 2614894?
4
What is the thousands digit of 3359017?
9
What is the tens digit of 148106?
0
What is the ten millions digit of 18311278?
1
What is the units digit of 1340274?
4
What is the thousands digit of 533576?
3
What is the hundreds digit of 757371?
3
What is the tens digit of 545009?
0
What is the hundreds digit of 21070?
0
What is the hundred thousands digit of 12063528?
0
What is the ten thousands digit of 1740315?
4
What is the millions digit of 10153465?
0
What is the hundred thousands digit of 21463536?
4
What is the tens digit of 38380?
8
What is the hundred thousands digit of 1439000?
4
What is the hundreds digit of 5311151?
1
What is the tens digit of 334772?
7
What is the ten thousands digit of 3434452?
3
What is the millions digit of 8571176?
8
What is the hundred thousands digit of 29367761?
3
What is the hundreds digit of 14571649?
6
What is the ten thousands digit of 33910215?
1
What is the ten thousands digit of 3383409?
8
What is the tens digit of 389194?
9
What is the hundreds digit of 175133?
1
What is the hundreds digit of 625862?
8
What is the units digit of 480725?
5
What is the ten thousands digit of 3217118?
1
What is the ten millions digit of 30810164?
3
What is the hundreds digit of 958799?
7
What is the ten thousands digit of 14010540?
1
What is the units digit of 376112?
2
What is the ten thousands digit of 2504074?
0
What is the tens digit of 1141781?
8
What is the thousands digit of 85544?
5
What is the hundreds digit of 341130?
1
What is the units digit of 395473?
3
What is the units digit of 3862476?
6
What is the units digit of 34349279?
9
What is the hundred thousands digit of 202922?
2
What is the hundreds digit of 1549961?
9
What is the units digit of 16065828?
8
What is the thousands digit of 6692394?
2
What is the hundreds digit of 245109?
1
What is the millions digit of 7067605?
7
What is the hundred thousands digit of 3160066?
1
What is the thousands digit of 44109?
4
What is the tens digit of 352964?
6
What is the units digit of 2430?
0
What is the hundred thousands digit of 730070?
7
What is the tens digit of 137060?
6
What is the millions digit of 4942105?
4
What is the tens digit of 42066?
6
What is the ten thousands digit of 2635913?
3
What is the ten millions digit of 24230117?
2
What is the ten thousands digit of 13067361?
6
What is the thousands digit of 2261774?
1
What is the hundreds digit of 250310?
3
What is the thousands digit of 700243?
0
What is the tens digit of 37637?
3
What is the thousands digit of 3511511?
1
What is the units digit of 2034965?
5
What is the tens digit of 5945653?
5
What is the hundred thousands digit of 18986721?
9
What is the thousands digit of 1278029?
8
What is the thousands digit of 57400?
7
What is the hundreds digit of 21395?
3
What is the units digit of 771181?
1
What is the hundred thousands digit of 6888410?
8
What is the millions digit of 10719963?
0
What is the hundred thousands digit of 26337979?
3
What is the hundred thousands digit of 923429?
9
What is the tens digit of 96667?
6
What is the hundred thousands digit of 144487?
1
What is th